b + 4*m, -4*b + 5*m + 48 = d. What are the prime factors of b?
17
Let x(l) = l**3 + 5*l**2 - 7*l - 9. Let a(c) = -c**2 - 7*c + 2. Let h be a(-8). Let z be x(h). What are the prime factors of 7 + z + -2 - -19?
3, 7
Suppose -5*u - 4*d = -447, -4*d = 2*u - 3*d - 177. What are the prime factors of u?
3, 29
Let a be ((-3)/((-6)/(-4)))/(-1). Let g be ((-3)/(-3))/(1/7). Suppose a = -f + g. What are the prime factors of f?
5
Let p be (7 - 8) + -2 + -1. What are the prime factors of 8 - 1 - p/(-2)?
5
Suppose 3*s + 35 = 2*r, 7*r - 3*r = -s + 91. What are the prime factors of r?
2, 11
Suppose 5*s - 192 = 2*s. Suppose -2*o = 3*x - s, -o = 2*x - 9 - 32. What are the prime factors of x?
2, 3
Let z(u) = u**3 + 9*u**2 + 9*u + 2. Let v be z(-8). What are the prime factors of (1 + 2)/(v/(-8))?
2
Suppose 0 = 2*c - 5*k - 34, -3*c - 3*k + 1 = -8. Let g = 10 + c. What are the prime factors of g?
17
Suppose -3*k + 24 - 18 = 0. What are the prime factors of k?
2
Let a(q) = q**2 - 2*q + 3. Let k be a(2). Suppose m - 16 = -2*i - k*i, 5*m = -3*i + 58. List the prime factors of m.
11
Let h = -6 - -11. Let c(d) be the first derivative of 3*d**2/2 - 5*d + 1. List the prime factors of c(h).
2, 5
Suppose c - 9 = -2*c. Suppose -c*q - 14 = 2*v - 116, -2*v + 170 = 5*q. What are the prime factors of q?
2, 17
Let d(m) = -m**2 - 3*m - 6. Let f be d(-5). What are the prime factors of 1/3 - f/6?
3
Let p(c) = c**3 + 20*c**2 + 22*c - 35. List the prime factors of p(-18).
7, 31
Suppose -12 + 32 = 5*n. Suppose -m = -z + n + 3, 5*m + 23 = -z. What are the prime factors of z?
2
Let h = -140 + 197. What are the prime factors of h?
3, 19
Let d(y) = -y + 3. Let t be d(9). Let l(o) = o**2 + 7*o + 8. Let r be l(t). What are the prime factors of (-3)/(-1) - (-16)/r?
11
Suppose 4*c = 2*u - 10, 3*c + u - 2*u + 6 = 0. Let y be (10 - c)/((-2)/(-4)). What are the prime factors of (y - -2)/2 - 2?
2, 5
Let g be (4/12)/((-4)/12). What are the prime factors of 44 + (g + -1)*-2?
2, 3
Suppose 0 = -2*b + 6 + 2. Let y(i) = -7*i**2 + 4*i - 8. Let z(n) = 4*n**2 - 2*n + 4. Let u(x) = -3*y(x) - 5*z(x). List the prime factors of u(b).
2, 3
Let a = 95 - 64. What are the prime factors of a?
31
Let d(t) = -2*t + 15. List the prime factors of d(-7).
29
Suppose 0 = 3*j + q + 38, -3*q + 41 = -4*j - 27. Let w(i) = -i - 8. Let m be w(0). What are the prime factors of 40/j*28/m?
2, 5
Let a(w) = w**2 - 7*w. Let b be a(6). Let k = b + 12. List the prime factors of k.
2, 3
Let w be 28/(-21)*3/2. List the prime factors of ((-25)/w)/(1/2).
5
Let r(v) = -v**2 - 8*v. Let d be r(-7). Let w be 19/d + (-4)/(-14). Suppose w*l - 48 = -l. List the prime factors of l.
2, 3
Let d(r) = 7*r - 9. Let v be d(8). Let m = v + -30. List the prime factors of m.
17
Let d(c) = -c + 10. Let j = 11 + -4. Let h be d(j). Suppose v = -h*v + 20. List the prime factors of v.
5
Let n(x) = 2*x - 5. Let a be n(4). Suppose -a*m + 4*m = 2. Suppose k = -m*g + 16, 49 = 3*k + k + 3*g. What are the prime factors of k?
2, 5
Let x = -2 + 0. List the prime factors of (5/15)/(x/(-36)).
2, 3
Let t = 2 + -2. Suppose 13 = 2*w + 5. Let k = w + t. What are the prime factors of k?
2
Let c = 6 - 21. Let k be c/(-6)*(-8)/(-10). Suppose 4*y = -3*m + 40, -7*m + k*m + 6 = -2*y. List the prime factors of y.
7
Suppose -148 - 2330 = -14*q. List the prime factors of q.
3, 59
What are the prime factors of -1 + 5 + -2 + 2*124?
2, 5
Let v(k) be the second derivative of -k**3/6 + 3*k**2 - 3*k. Let q = 3 + -3. List the prime factors of v(q).
2, 3
Let a = 8 - 3. Let n = -1 + a. What are the prime factors of n?
2
Let z = -207 - -348. List the prime factors of z.
3, 47
Suppose -5*o + 140 = 2*f + 2*f, -2*o - 4*f + 56 = 0. Let w = o - 19. What are the prime factors of w?
3
Suppose 4*t - 4 = 0, 4*t = -2*j + 4 - 0. Suppose y - 2*y = -3*f + 1, j = 2*y - 4*f + 6. Let x(w) = -w - 2. List the prime factors of x(y).
5
List the prime factors of -5*(-1 + (-28)/5).
3, 11
What are the prime factors of (-5)/(-5)*1*(1 + 80)?
3
Let g(m) = m + 3. Let o = -8 - -5. Let w be g(o). Suppose 3*c - 3*z = 39, -c - 2*z = -w*z + 2. List the prime factors of c.
2
Let p(t) = t**2 - 3*t - 4. Let m be p(4). Let s(b) = -b**3 + 3 + 1 - 1. What are the prime factors of s(m)?
3
Let f(i) = -15*i - 23. List the prime factors of f(-12).
157
Let r = -7 + 9. Suppose -2*f = r*f - 84. What are the prime factors of f?
3, 7
Suppose f + 2*d = 4*f - 250, 0 = 2*d + 4. What are the prime factors of f?
2, 41
Suppose -3*m + 7*m = -y - 9, -3*y - 4*m = -13. Let f = 6 + y. List the prime factors of f.
17
Let u(k) = -k**2 - 11*k + 16. Let s be u(-12). Suppose 4*a - s*j - 80 = 0, -20 = -a - 4*j + 6*j. List the prime factors of a.
2, 5
Suppose 13 = 3*t - 2*t. Suppose -2*z = 4*q - 7*z - t, -12 = -4*z. What are the prime factors of q?
7
Let h = -9 - -17. Suppose 2*f - 28 - h = 0. Suppose -3*q = -q - f. List the prime factors of q.
3
Let v = -26 + 44. Let h = 34 - v. List the prime factors of h.
2
Suppose 0 = -w - 2*w + 15. Suppose w*m - 118 = 3*j, 7*m - 2*m = -4*j + 146. List the prime factors of m.
2, 13
Let i be 0/(-2) - (-4)/2. Suppose -2*y = -5*t, 0 = 4*t - 2*t - i*y. Suppose 0 = -z + 3 - t. What are the prime factors of z?
3
Let l = 13 - 8. Suppose -k - 43 = -l*t, 7*t - 3*t - 23 = -3*k. List the prime factors of t.
2
Let x(b) be the third derivative of b**6/180 - b**5/30 - b**4/24 + b**3/6 - b**2. Let o(h) be the first derivative of x(h). What are the prime factors of o(3)?
5
Suppose 3*l = 76 + 38. What are the prime factors of l?
2, 19
List the prime factors of (-1392)/(-18)*(-6)/(-4).
2, 29
Let k(i) = i**2 + 5*i + 3. Let s(n) = -n**3 - 5*n**2 + n. Let g be s(-5). Let f be k(g). Suppose -f*z + 12 = -21. What are the prime factors of z?
11
Suppose u = 1, -7*q + 2*q = -5*u + 10. Let p be (-1)/((-1)/(7 - 4)). List the prime factors of q + 24/p + -1.
2, 3
Let g(p) = 7*p**2 + 1. Let v be g(-1). List the prime factors of (v - 3)*3/5.
3
Let h(r) = 4*r**2 - 7*r - 9. What are the prime factors of h(7)?
2, 3, 23
Let y(s) = -s**2 + 2*s + 5. Let l be 6 + 1 - (-3)/(-3). Let a be y(l). Let b = a - -31. What are the prime factors of b?
2, 3
Let r = -5 - -5. Suppose r = 9*a - 4*a. What are the prime factors of 19*1 + 0 + a?
19
Suppose 2*j + 0*j - 8 = -2*i, -4*i + 4*j + 48 = 0. Suppose -i*w = -9*w + 35. List the prime factors of w.
5, 7
Let o be 1 - (4/2 - 7). Let d = o - 4. Suppose -s = 3*j - 15, 3*j - 10 = j + d*s. What are the prime factors of j?
5
Let q be -25*(2 + 36/(-15)). Let i = q - 3. Let j = 11 - i. What are the prime factors of j?
2
Let s be 3 - (0 - 0) - 1. Suppose -39 - 13 = -s*c. List the prime factors of c.
2, 13
Let s(u) = -u**3 + 5*u**2 + 6*u + 2. Let x = -5 - -11. List the prime factors of s(x).
2
Let d = -3 + 7. Suppose j - d = -j. Suppose 4 + 4 = j*r, -5*q + 4*r = -19. What are the prime factors of q?
7
List the prime factors of 84 - -5 - (4 - 1).
2, 43
Suppose 3*u - 13 - 83 = 0. What are the prime factors of u?
2
Let p(i) = 0 - i**2 + 0 - i**3 + i + 5. Let r be p(0). Suppose -4*l = -r*l + 9. What are the prime factors of l?
3
List the prime factors of 816/(-9)*(-18)/4.
2, 3, 17
Suppose 0 = -5*a + p + 267, -3*p - 150 = -3*a + p. What are the prime factors of a?
2, 3
Let p(l) be the second derivative of l**3/6 + 17*l**2/2 + 3*l. List the prime factors of p(0).
17
Suppose -2 = -l - 0. Let s(a) = 2*a**3 - 3*a**2 + 3*a. What are the prime factors of s(l)?
2, 5
Let r = 38 + 78. What are the prime factors of r?
2, 29
Let n = -42 + 78. Suppose 4*l - n = 3*l. List the prime factors of l.
2, 3
Let v = 128 - 12. What are the prime factors of v?
2, 29
Suppose 0 = -2*x - 4*o + 58, 0*o = x - 3*o - 14. What are the prime factors of x?
23
Suppose -5*z = -z + 180. List the prime factors of 2 + -2 + (-2 - z).
43
Suppose -2*v + 0 + 6 = 0. Let i be v/1 + 0 + 2. Suppose -2*r - 6 = -i*r. What are the prime factors of r?
2
Suppose f + 3*f = 392. What are the prime factors of f?
2, 7
Let t(j) = -j + 1. Let b be t(0). Let a be -1 + b - (-3 + 0). Suppose -5*w + 26 = a*l, 2*w = w + 4. What are the prime factors of l?
2
Let y(i) = -20*i**3 - i**2 - i. List the prime factors of y(-1).
2, 5
Let h(c) be the second derivative of 1/2*c**2 - 2/3*c**3 + 0 + c. List the prime factors of h(-2).
3
Let c(l) = 4*l**2 - 3*l - 3*l - 2*l**2 + 2. Suppose 3*p = -3*q + 3 + 